{"id":5297,"date":"2023-05-24T13:49:20","date_gmt":"2023-05-24T12:49:20","guid":{"rendered":"https:\/\/www.cor-biskupija.org\/home\/?post_type=product&#038;p=5297"},"modified":"2023-05-26T07:24:53","modified_gmt":"2023-05-26T06:24:53","slug":"torba","status":"publish","type":"product","link":"https:\/\/www.cor-biskupija.org\/home\/product\/torba\/","title":{"rendered":"Vezena torba"},"content":{"rendered":"<p>Tradicionalni vez i posebna vrsta bu\u0161enog ili rezanog veza, tzv. \u0161lingeraj, u slavonskim su se selima prvotno radili ru\u010dno, iglom i koncem, a s pojavom ma\u0161ina za vez i \u0161linganje proces izrade se ubrzava i proizvodi postaju dostupniji. Strojni vez ili strojni \u0161lingeraj ne isklju\u010duje ru\u010dni rad te samim time i dalje spada u kategoriju \u201cru\u010dnih radova\u201d. Slavonske \u017eene ustrajne su u o\u010duvanju ru\u010dnog rada te svaka ima svoj potpis, \u0161to zna\u010di da je svaki rad unikatan.<\/p>\n<p>Svi na\u0161i artikli su unikatni ru\u010dni rad i izra\u0111uju se po narud\u017ebi.<\/p>\n<p>Rok izrade je 1-3 tjedna od dana zaprimanja narud\u017ebe i nov\u010dane uplate kupca na ra\u010dun udruge, ovisno o vrsti artikla. Proizvodi se dostavljaju putem Hrvatske po\u0161te unutar Hrvatske te GLS dostavnom slu\u017ebom van Hrvatske, u roku 3-7 radnih dana od zavr\u0161etka izrade artikla, o \u010demu Vas obavje\u0161tavamo e-mailom. Za po\u0161iljke adresirane na otoke, rok za uru\u010denje produljuje se za 1-2 radna dana.<\/p>\n","protected":false},"excerpt":{"rendered":"<p>Tradicionalni vez neodoljiv je ukras proljetnih i ljetnih kolekcija. Jedan od trendova koji se ponovno nametnuo proteklih godina je vez u svim mogu\u0107im kombinacijama. Predstavljamo Vam vezenu lanenu torbu s &#8220;\u010carobnim cvijetom Lovasa&#8221;, modni dodatak koji govori za sebe i uklapa se u svaku le\u017eernu odjevnu kombinaciju.<\/p>\n","protected":false},"featured_media":5307,"template":"","meta":{"site-sidebar-layout":"default","site-content-layout":"default","ast-global-header-display":"","ast-main-header-display":"","ast-hfb-above-header-display":"","ast-hfb-below-header-display":"","ast-hfb-mobile-header-display":"","site-post-title":"","ast-breadcrumbs-content":"","ast-featured-img":"","footer-sml-layout":"","theme-transparent-header-meta":"default","adv-header-id-meta":"","stick-header-meta":"","header-above-stick-meta":"","header-main-stick-meta":"","header-below-stick-meta":""},"product_cat":[48],"product_tag":[99,95,96,91,81],"_links":{"self":[{"href":"https:\/\/www.cor-biskupija.org\/home\/wp-json\/wp\/v2\/product\/5297"}],"collection":[{"href":"https:\/\/www.cor-biskupija.org\/home\/wp-json\/wp\/v2\/product"}],"about":[{"href":"https:\/\/www.cor-biskupija.org\/home\/wp-json\/wp\/v2\/types\/product"}],"wp:featuredmedia":[{"embeddable":true,"href":"https:\/\/www.cor-biskupija.org\/home\/wp-json\/wp\/v2\/media\/5307"}],"wp:attachment":[{"href":"https:\/\/www.cor-biskupija.org\/home\/wp-json\/wp\/v2\/media?parent=5297"}],"wp:term":[{"taxonomy":"product_cat","embeddable":true,"href":"https:\/\/www.cor-biskupija.org\/home\/wp-json\/wp\/v2\/product_cat?post=5297"},{"taxonomy":"product_tag","embeddable":true,"href":"https:\/\/www.cor-biskupija.org\/home\/wp-json\/wp\/v2\/product_tag?post=5297"}],"curies":[{"name":"wp","href":"https:\/\/api.w.org\/{rel}","templated":true}]}}