{"id":5363,"date":"2023-05-24T15:34:08","date_gmt":"2023-05-24T14:34:08","guid":{"rendered":"https:\/\/www.cor-biskupija.org\/home\/?post_type=product&#038;p=5363"},"modified":"2023-05-26T09:26:53","modified_gmt":"2023-05-26T08:26:53","slug":"slike-zlatovez","status":"publish","type":"product","link":"https:\/\/www.cor-biskupija.org\/home\/product\/slike-zlatovez\/","title":{"rendered":"Slike zlatovez"},"content":{"rendered":"<p>Umije\u0107e izrade zlatoveza, kao nematerijalno kulturno dobro, nalazi se na Listi za\u0161ti\u0107enih kulturnih dobara, Z-5404, pri Registru kulturnih dobara Republike Hrvatske. Zlatovez s podru\u010dja isto\u010dne Hrvatske tradicijsko je tekstilno-rukotvorsko umije\u0107e ukra\u0161avanja odjevnih i uporabnih predmeta zlatnom niti te je prepoznatljivi dio naslje\u0111a i identiteta tog dijela Hrvatske. Tri su tradicijske tehnike izvedbe zlatoveza: plosnati vezovi zlatnom niti \u2013 zlatovez zvani <em>naskroz<\/em>, zlatovez preko papirnate podloge i uvo\u0111enje zlatne niti u tkanje. Primjenjuju se i mnogobrojne vrste aplikacija sitnih okruglih ili plosnatih perlica. Razvilo se mnogo razli\u010ditih ornamenata koji su nastali djelovanjem gra\u0111anskih, crkvenih, politi\u010dkih, ali i modnih i ostalih utjecaja. Mnogi su nastali na temelju ma\u0161tovitosti vezilja, a svaki nosi i neke crte osobnosti vezilja.<\/p>\n<p>Svi artikli su unikatni ru\u010dni rad i izra\u0111uju se po narud\u017ebi.<\/p>\n<p>Rok izrade je 1-3 tjedna od dana zaprimanja narud\u017ebe i nov\u010dane uplate kupca na ra\u010dun udruge, ovisno o vrsti artikla. Proizvodi se dostavljaju putem Hrvatske po\u0161te unutar Hrvatske te GLS dostavnom slu\u017ebom van Hrvatske, u roku 3-7 radnih dana od zavr\u0161etka izrade artikla, o \u010demu Vas obavje\u0161tavamo e-mailom. Za po\u0161iljke adresirane na otoke, rok za uru\u010denje produljuje se za 1-2 radna dana.<\/p>\n","protected":false},"excerpt":{"rendered":"<p>Svoju sliku u zlatovezu mo\u017eete odabrati iz na\u0161e galerije, a mo\u017eete nam poslati i presliku crte\u017ea bilo kojeg motiva po Va\u0161oj \u017eelji na e-mail: <a href=\"mailto:ured@visoki-jablani.org\">ured@visoki-jablani.org<\/a>. Izradit \u0107emo unikatni poklon samo za Vas. Slike iz na\u0161e galerije obilje\u017eene su kodom (SKU) i nazivom istim redoslijedom kako se prikazuju u galeriji te Vas molimo da pratite kod pri odabiru slika radi to\u010dnosti Va\u0161e narud\u017ebe.<\/p>\n","protected":false},"featured_media":5379,"template":"","meta":{"site-sidebar-layout":"default","site-content-layout":"default","ast-global-header-display":"","ast-main-header-display":"","ast-hfb-above-header-display":"","ast-hfb-below-header-display":"","ast-hfb-mobile-header-display":"","site-post-title":"","ast-breadcrumbs-content":"","ast-featured-img":"","footer-sml-layout":"","theme-transparent-header-meta":"default","adv-header-id-meta":"","stick-header-meta":"","header-above-stick-meta":"","header-main-stick-meta":"","header-below-stick-meta":""},"product_cat":[50],"product_tag":[104,105],"_links":{"self":[{"href":"https:\/\/www.cor-biskupija.org\/home\/wp-json\/wp\/v2\/product\/5363"}],"collection":[{"href":"https:\/\/www.cor-biskupija.org\/home\/wp-json\/wp\/v2\/product"}],"about":[{"href":"https:\/\/www.cor-biskupija.org\/home\/wp-json\/wp\/v2\/types\/product"}],"wp:featuredmedia":[{"embeddable":true,"href":"https:\/\/www.cor-biskupija.org\/home\/wp-json\/wp\/v2\/media\/5379"}],"wp:attachment":[{"href":"https:\/\/www.cor-biskupija.org\/home\/wp-json\/wp\/v2\/media?parent=5363"}],"wp:term":[{"taxonomy":"product_cat","embeddable":true,"href":"https:\/\/www.cor-biskupija.org\/home\/wp-json\/wp\/v2\/product_cat?post=5363"},{"taxonomy":"product_tag","embeddable":true,"href":"https:\/\/www.cor-biskupija.org\/home\/wp-json\/wp\/v2\/product_tag?post=5363"}],"curies":[{"name":"wp","href":"https:\/\/api.w.org\/{rel}","templated":true}]}}